[INFO] cloning repository https://github.com/russgayle/basic_algos
[INFO] running `Command { std: "git" "-c" "credential.helper=" "-c" "credential.helper=/workspace/cargo-home/bin/git-credential-null" "clone" "--bare" "https://github.com/russgayle/basic_algos" "/workspace/cache/git-repos/https%3A%2F%2Fgithub.com%2Frussgayle%2Fbasic_algos", kill_on_drop: false }`
[INFO] [stderr] Cloning into bare repository '/workspace/cache/git-repos/https%3A%2F%2Fgithub.com%2Frussgayle%2Fbasic_algos'...
[INFO] running `Command { std: "git" "rev-parse" "HEAD", kill_on_drop: false }`
[INFO] [stdout] 08f686569a35d90dc72f829bf615559e2b14aae5
[INFO] building russgayle/basic_algos against master#ff34b919075f35a1787659e9c448a34b06bab8de for issue-85264
[INFO] running `Command { std: "git" "clone" "/workspace/cache/git-repos/https%3A%2F%2Fgithub.com%2Frussgayle%2Fbasic_algos" "/workspace/builds/worker-3/source", kill_on_drop: false }`
[INFO] [stderr] Cloning into '/workspace/builds/worker-3/source'...
[INFO] [stderr] done.
[INFO] validating manifest of git repo https://github.com/russgayle/basic_algos on toolchain ff34b919075f35a1787659e9c448a34b06bab8de
[INFO] running `Command { std: "/workspace/cargo-home/bin/cargo" "+ff34b919075f35a1787659e9c448a34b06bab8de" "metadata" "--manifest-path" "Cargo.toml" "--no-deps", kill_on_drop: false }`
[INFO] started tweaking git repo https://github.com/russgayle/basic_algos
[INFO] finished tweaking git repo https://github.com/russgayle/basic_algos
[INFO] tweaked toml for git repo https://github.com/russgayle/basic_algos written to /workspace/builds/worker-3/source/Cargo.toml
[INFO] crate git repo https://github.com/russgayle/basic_algos already has a lockfile, it will not be regenerated
[INFO] running `Command { std: "/workspace/cargo-home/bin/cargo" "+ff34b919075f35a1787659e9c448a34b06bab8de" "fetch" "--manifest-path" "Cargo.toml", kill_on_drop: false }`
[INFO] running `Command { std: "docker" "create" "-v" "/var/lib/crater-agent-workspace/builds/worker-3/target:/opt/rustwide/target:rw,Z" "-v" "/var/lib/crater-agent-workspace/builds/worker-3/source:/opt/rustwide/workdir:ro,Z" "-v" "/var/lib/crater-agent-workspace/cargo-home:/opt/rustwide/cargo-home:ro,Z" "-v" "/var/lib/crater-agent-workspace/rustup-home:/opt/rustwide/rustup-home:ro,Z" "-e" "SOURCE_DIR=/opt/rustwide/workdir" "-e" "CARGO_TARGET_DIR=/opt/rustwide/target" "-e" "CARGO_HOME=/opt/rustwide/cargo-home" "-e" "RUSTUP_HOME=/opt/rustwide/rustup-home" "-w" "/opt/rustwide/workdir" "-m" "1610612736" "--user" "0:0" "--network" "none" "ghcr.io/rust-lang/crates-build-env/linux@sha256:20528e8c29e4536546f0102ce88568b16ea7538393a33fcca951030f7af10457" "/opt/rustwide/cargo-home/bin/cargo" "+ff34b919075f35a1787659e9c448a34b06bab8de" "metadata" "--no-deps" "--format-version=1", kill_on_drop: false }`
[INFO] [stdout] d042a651c85688825f29a841abdd5f3fef5f6a8a7587b254605769b2520ae0ee
[INFO] [stderr] WARNING: Your kernel does not support swap limit capabilities or the cgroup is not mounted. Memory limited without swap.
[INFO] running `Command { std: "docker" "start" "-a" "d042a651c85688825f29a841abdd5f3fef5f6a8a7587b254605769b2520ae0ee", kill_on_drop: false }`
[INFO] running `Command { std: "docker" "inspect" "d042a651c85688825f29a841abdd5f3fef5f6a8a7587b254605769b2520ae0ee", kill_on_drop: false }`
[INFO] running `Command { std: "docker" "rm" "-f" "d042a651c85688825f29a841abdd5f3fef5f6a8a7587b254605769b2520ae0ee", kill_on_drop: false }`
[INFO] [stdout] d042a651c85688825f29a841abdd5f3fef5f6a8a7587b254605769b2520ae0ee
[INFO] running `Command { std: "docker" "create" "-v" "/var/lib/crater-agent-workspace/builds/worker-3/target:/opt/rustwide/target:rw,Z" "-v" "/var/lib/crater-agent-workspace/builds/worker-3/source:/opt/rustwide/workdir:ro,Z" "-v" "/var/lib/crater-agent-workspace/cargo-home:/opt/rustwide/cargo-home:ro,Z" "-v" "/var/lib/crater-agent-workspace/rustup-home:/opt/rustwide/rustup-home:ro,Z" "-e" "SOURCE_DIR=/opt/rustwide/workdir" "-e" "CARGO_TARGET_DIR=/opt/rustwide/target" "-e" "CARGO_INCREMENTAL=0" "-e" "RUST_BACKTRACE=full" "-e" "RUSTFLAGS=--cap-lints=forbid" "-e" "CARGO_HOME=/opt/rustwide/cargo-home" "-e" "RUSTUP_HOME=/opt/rustwide/rustup-home" "-w" "/opt/rustwide/workdir" "-m" "1610612736" "--user" "0:0" "--network" "none" "ghcr.io/rust-lang/crates-build-env/linux@sha256:20528e8c29e4536546f0102ce88568b16ea7538393a33fcca951030f7af10457" "/opt/rustwide/cargo-home/bin/cargo" "+ff34b919075f35a1787659e9c448a34b06bab8de" "build" "--frozen" "--message-format=json", kill_on_drop: false }`
[INFO] [stdout] 759dd68bebf4a674086b61672cb1ca96055b3c064ddea231015331425774a38c
[INFO] [stderr] WARNING: Your kernel does not support swap limit capabilities or the cgroup is not mounted. Memory limited without swap.
[INFO] running `Command { std: "docker" "start" "-a" "759dd68bebf4a674086b61672cb1ca96055b3c064ddea231015331425774a38c", kill_on_drop: false }`
[INFO] [stderr]    Compiling gcc v0.1.7
[INFO] [stderr]    Compiling libc v0.1.2
[INFO] [stderr]    Compiling log v0.2.4
[INFO] [stdout] error: expected identifier, found `"std"`
[INFO] [stdout]   --> /opt/rustwide/cargo-home/registry/src/github.com-1ecc6299db9ec823/libc-0.1.2/rust/src/liblibc/lib.rs:80:46
[INFO] [stdout]    |
[INFO] [stdout] 80 | #[cfg(feature = "cargo-build")] extern crate "std" as core;
[INFO] [stdout]    |                                              ^^^^^ expected identifier
[INFO] [stdout] 
[INFO] [stdout] 
[INFO] [stderr] error: could not compile `libc`
[INFO] [stdout] error: aborting due to previous error
[INFO] [stdout] 
[INFO] [stdout] 
[INFO] [stderr] 
[INFO] [stderr] To learn more, run the command again with --verbose.
[INFO] [stderr] warning: build failed, waiting for other jobs to finish...
[INFO] [stdout] error[E0433]: failed to resolve: could not find `old_io` in `std`
[INFO] [stdout]  --> /opt/rustwide/cargo-home/registry/src/github.com-1ecc6299db9ec823/gcc-0.1.7/src/lib.rs:4:10
[INFO] [stdout]   |
[INFO] [stdout] 4 | use std::old_io::process::InheritFd;
[INFO] [stdout]   |          ^^^^^^ could not find `old_io` in `std`
[INFO] [stdout] 
[INFO] [stdout] 
[INFO] [stdout] error[E0432]: unresolved import `std::old_io`
[INFO] [stdout]  --> /opt/rustwide/cargo-home/registry/src/github.com-1ecc6299db9ec823/gcc-0.1.7/src/lib.rs:3:10
[INFO] [stdout]   |
[INFO] [stdout] 3 | use std::old_io::Command;
[INFO] [stdout]   |          ^^^^^^ could not find `old_io` in `std`
[INFO] [stdout] 
[INFO] [stdout] 
[INFO] [stdout] error[E0432]: unresolved import `std::os::getenv`
[INFO] [stdout]   --> /opt/rustwide/cargo-home/registry/src/github.com-1ecc6299db9ec823/gcc-0.1.7/src/lib.rs:31:9
[INFO] [stdout]    |
[INFO] [stdout] 31 |     use std::os::getenv;
[INFO] [stdout]    |         ^^^^^^^^^^^^^^^ no `getenv` in `os`
[INFO] [stdout] 
[INFO] [stdout] 
[INFO] [stdout] error[E0433]: failed to resolve: could not find `old_io` in `std`
[INFO] [stdout]    --> /opt/rustwide/cargo-home/registry/src/github.com-1ecc6299db9ec823/gcc-0.1.7/src/lib.rs:104:14
[INFO] [stdout]     |
[INFO] [stdout] 104 |         std::old_io::fs::mkdir_recursive(&obj.dir_path(), std::old_io::USER_RWX).unwrap();
[INFO] [stdout]     |              ^^^^^^ could not find `old_io` in `std`
[INFO] [stdout] 
[INFO] [stdout] 
[INFO] [stdout] error[E0433]: failed to resolve: could not find `old_io` in `std`
[INFO] [stdout]    --> /opt/rustwide/cargo-home/registry/src/github.com-1ecc6299db9ec823/gcc-0.1.7/src/lib.rs:104:64
[INFO] [stdout]     |
[INFO] [stdout] 104 |         std::old_io::fs::mkdir_recursive(&obj.dir_path(), std::old_io::USER_RWX).unwrap();
[INFO] [stdout]     |                                                                ^^^^^^ could not find `old_io` in `std`
[INFO] [stdout] 
[INFO] [stdout] 
[INFO] [stdout] error[E0412]: cannot find type `Path` in this scope
[INFO] [stdout]   --> /opt/rustwide/cargo-home/registry/src/github.com-1ecc6299db9ec823/gcc-0.1.7/src/lib.rs:10:34
[INFO] [stdout]    |
[INFO] [stdout] 10 |     pub include_directories: Vec<Path>,
[INFO] [stdout]    |                                  ^^^^ not found in this scope
[INFO] [stdout]    |
[INFO] [stdout] help: consider importing this struct
[INFO] [stdout]    |
[INFO] [stdout] 3  | use std::path::Path;
[INFO] [stdout]    |
[INFO] [stdout] 
[INFO] [stdout] 
[INFO] [stdout] error[E0412]: cannot find type `Path` in this scope
[INFO] [stdout]   --> /opt/rustwide/cargo-home/registry/src/github.com-1ecc6299db9ec823/gcc-0.1.7/src/lib.rs:14:22
[INFO] [stdout]    |
[INFO] [stdout] 14 |     pub objects: Vec<Path>,
[INFO] [stdout]    |                      ^^^^ not found in this scope
[INFO] [stdout]    |
[INFO] [stdout] help: consider importing this struct
[INFO] [stdout]    |
[INFO] [stdout] 3  | use std::path::Path;
[INFO] [stdout]    |
[INFO] [stdout] 
[INFO] [stdout] 
[INFO] [stdout] error[E0433]: failed to resolve: use of undeclared type `Path`
[INFO] [stdout]   --> /opt/rustwide/cargo-home/registry/src/github.com-1ecc6299db9ec823/gcc-0.1.7/src/lib.rs:99:15
[INFO] [stdout]    |
[INFO] [stdout] 99 |     let src = Path::new(getenv("CARGO_MANIFEST_DIR").unwrap());
[INFO] [stdout]    |               ^^^^ not found in this scope
[INFO] [stdout]    |
[INFO] [stdout] help: consider importing this struct
[INFO] [stdout]    |
[INFO] [stdout] 3  | use std::path::Path;
[INFO] [stdout]    |
[INFO] [stdout] 
[INFO] [stdout] 
[INFO] [stdout] error[E0433]: failed to resolve: use of undeclared type `Path`
[INFO] [stdout]    --> /opt/rustwide/cargo-home/registry/src/github.com-1ecc6299db9ec823/gcc-0.1.7/src/lib.rs:100:15
[INFO] [stdout]     |
[INFO] [stdout] 100 |     let dst = Path::new(getenv("OUT_DIR").unwrap());
[INFO] [stdout]     |               ^^^^ not found in this scope
[INFO] [stdout]     |
[INFO] [stdout] help: consider importing this struct
[INFO] [stdout]     |
[INFO] [stdout] 3   | use std::path::Path;
[INFO] [stdout]     |
[INFO] [stdout] 
[INFO] [stdout] 
[INFO] [stdout] error[E0425]: cannot find function, tuple struct or tuple variant `InheritFd` in this scope
[INFO] [stdout]    --> /opt/rustwide/cargo-home/registry/src/github.com-1ecc6299db9ec823/gcc-0.1.7/src/lib.rs:120:35
[INFO] [stdout]     |
[INFO] [stdout] 120 |     let status = match cmd.stdout(InheritFd(1)).stderr(InheritFd(2)).status() {
[INFO] [stdout]     |                                   ^^^^^^^^^ not found in this scope
[INFO] [stdout] 
[INFO] [stdout] 
[INFO] [stdout] error[E0425]: cannot find function, tuple struct or tuple variant `InheritFd` in this scope
[INFO] [stdout]    --> /opt/rustwide/cargo-home/registry/src/github.com-1ecc6299db9ec823/gcc-0.1.7/src/lib.rs:120:56
[INFO] [stdout]     |
[INFO] [stdout] 120 |     let status = match cmd.stdout(InheritFd(1)).stderr(InheritFd(2)).status() {
[INFO] [stdout]     |                                                        ^^^^^^^^^ not found in this scope
[INFO] [stdout] 
[INFO] [stdout] 
[INFO] [stdout] error[E0425]: cannot find function, tuple struct or tuple variant `InheritFd` in this scope
[INFO] [stdout]    --> /opt/rustwide/cargo-home/registry/src/github.com-1ecc6299db9ec823/gcc-0.1.7/src/lib.rs:214:17
[INFO] [stdout]     |
[INFO] [stdout] 214 |         .stderr(InheritFd(2))
[INFO] [stdout]     |                 ^^^^^^^^^ not found in this scope
[INFO] [stdout] 
[INFO] [stdout] 
[INFO] [stdout] error[E0282]: type annotations needed
[INFO] [stdout]   --> /opt/rustwide/cargo-home/registry/src/github.com-1ecc6299db9ec823/gcc-0.1.7/src/lib.rs:22:34
[INFO] [stdout]    |
[INFO] [stdout] 22 |             include_directories: Vec::new(),
[INFO] [stdout]    |                                  ^^^^^^^^ cannot infer type for type parameter `T`
[INFO] [stdout] 
[INFO] [stdout] 
[INFO] [stdout] error[E0425]: cannot find function `at_exit` in module `rt`
[INFO] [stdout]    --> /opt/rustwide/cargo-home/registry/src/github.com-1ecc6299db9ec823/log-0.2.4/src/lib.rs:535:9
[INFO] [stdout]     |
[INFO] [stdout] 535 |     rt::at_exit(|| {
[INFO] [stdout]     |         ^^^^^^^ not found in `rt`
[INFO] [stdout] 
[INFO] [stdout] 
[INFO] [stdout] error[E0658]: use of unstable library feature 'rt': this public module should not exist and is highly likely to disappear
[INFO] [stdout]    --> /opt/rustwide/cargo-home/registry/src/github.com-1ecc6299db9ec823/log-0.2.4/src/lib.rs:153:5
[INFO] [stdout]     |
[INFO] [stdout] 153 | use std::rt;
[INFO] [stdout]     |     ^^^^^^^
[INFO] [stdout]     |
[INFO] [stdout]     = help: add `#![feature(rt)]` to the crate attributes to enable
[INFO] [stdout] 
[INFO] [stdout] 
[INFO] [stdout] error[E0599]: no method named `as_slice` found for struct `String` in the current scope
[INFO] [stdout]   --> /opt/rustwide/cargo-home/registry/src/github.com-1ecc6299db9ec823/gcc-0.1.7/src/lib.rs:59:43
[INFO] [stdout]    |
[INFO] [stdout] 59 |     let mut cmd = Command::new(gcc(target.as_slice()));
[INFO] [stdout]    |                                           ^^^^^^^^ method not found in `String`
[INFO] [stdout] 
[INFO] [stdout] 
[INFO] [stdout] error[E0599]: no method named `as_slice` found for struct `String` in the current scope
[INFO] [stdout]   --> /opt/rustwide/cargo-home/registry/src/github.com-1ecc6299db9ec823/gcc-0.1.7/src/lib.rs:65:15
[INFO] [stdout]    |
[INFO] [stdout] 65 |     if target.as_slice().contains("-ios") {
[INFO] [stdout]    |               ^^^^^^^^ method not found in `String`
[INFO] [stdout] 
[INFO] [stdout] 
[INFO] [stdout] error[E0599]: no method named `as_slice` found for struct `String` in the current scope
[INFO] [stdout]   --> /opt/rustwide/cargo-home/registry/src/github.com-1ecc6299db9ec823/gcc-0.1.7/src/lib.rs:66:35
[INFO] [stdout]    |
[INFO] [stdout] 66 |         cmd.args(ios_flags(target.as_slice()).as_slice());
[INFO] [stdout]    |                                   ^^^^^^^^ method not found in `String`
[INFO] [stdout] 
[INFO] [stdout] 
[INFO] [stdout] error: aborting due to 2 previous errors
[INFO] [stdout] 
[INFO] [stdout] 
[INFO] [stdout] Some errors have detailed explanations: E0425, E0658.
[INFO] [stdout] 
[INFO] [stdout] For more information about an error, try `rustc --explain E0425`.
[INFO] [stdout] 
[INFO] [stdout] error[E0599]: no method named `as_slice` found for struct `String` in the current scope
[INFO] [stdout]   --> /opt/rustwide/cargo-home/registry/src/github.com-1ecc6299db9ec823/gcc-0.1.7/src/lib.rs:72:19
[INFO] [stdout]    |
[INFO] [stdout] 72 |         if target.as_slice().contains("i686") {
[INFO] [stdout]    |                   ^^^^^^^^ method not found in `String`
[INFO] [stdout] 
[INFO] [stdout] 
[INFO] [stdout] error[E0599]: no method named `as_slice` found for struct `String` in the current scope
[INFO] [stdout]   --> /opt/rustwide/cargo-home/registry/src/github.com-1ecc6299db9ec823/gcc-0.1.7/src/lib.rs:74:26
[INFO] [stdout]    |
[INFO] [stdout] 74 |         } else if target.as_slice().contains("x86_64") {
[INFO] [stdout]    |                          ^^^^^^^^ method not found in `String`
[INFO] [stdout] 
[INFO] [stdout] 
[INFO] [stdout] error[E0599]: no method named `as_slice` found for struct `String` in the current scope
[INFO] [stdout]   --> /opt/rustwide/cargo-home/registry/src/github.com-1ecc6299db9ec823/gcc-0.1.7/src/lib.rs:78:20
[INFO] [stdout]    |
[INFO] [stdout] 78 |         if !target.as_slice().contains("i686") {
[INFO] [stdout]    |                    ^^^^^^^^ method not found in `String`
[INFO] [stdout] 
[INFO] [stdout] 
[INFO] [stdout] error[E0599]: no method named `as_slice` found for struct `String` in the current scope
[INFO] [stdout]    --> /opt/rustwide/cargo-home/registry/src/github.com-1ecc6299db9ec823/gcc-0.1.7/src/lib.rs:110:32
[INFO] [stdout]     |
[INFO] [stdout] 110 |     run(Command::new(ar(target.as_slice())).arg("crus")
[INFO] [stdout]     |                                ^^^^^^^^ method not found in `String`
[INFO] [stdout] 
[INFO] [stdout] 
[INFO] [stdout] error[E0599]: no method named `slice` found for reference `&str` in the current scope
[INFO] [stdout]    --> /opt/rustwide/cargo-home/registry/src/github.com-1ecc6299db9ec823/gcc-0.1.7/src/lib.rs:115:36
[INFO] [stdout]     |
[INFO] [stdout] 115 |              dst.display(), output.slice(3, output.len() - 2));
[INFO] [stdout]     |                                    ^^^^^ method not found in `&str`
[INFO] [stdout] 
[INFO] [stdout] 
[INFO] [stdout] error[E0599]: no method named `as_slice` found for struct `String` in the current scope
[INFO] [stdout]    --> /opt/rustwide/cargo-home/registry/src/github.com-1ecc6299db9ec823/gcc-0.1.7/src/lib.rs:140:57
[INFO] [stdout]     |
[INFO] [stdout] 140 |     let res = getenv(format!("{}_{}", var_base, target).as_slice())
[INFO] [stdout]     |                                                         ^^^^^^^^ method not found in `String`
[INFO] [stdout] 
[INFO] [stdout] 
[INFO] [stdout] error[E0599]: no method named `as_slice` found for struct `String` in the current scope
[INFO] [stdout]    --> /opt/rustwide/cargo-home/registry/src/github.com-1ecc6299db9ec823/gcc-0.1.7/src/lib.rs:141:65
[INFO] [stdout]     |
[INFO] [stdout] 141 |         .or_else(|| getenv(format!("{}_{}", var_base, target_u).as_slice()))
[INFO] [stdout]     |                                                                 ^^^^^^^^ method not found in `String`
[INFO] [stdout] 
[INFO] [stdout] 
[INFO] [stdout] error[E0599]: no method named `as_slice` found for struct `String` in the current scope
[INFO] [stdout]    --> /opt/rustwide/cargo-home/registry/src/github.com-1ecc6299db9ec823/gcc-0.1.7/src/lib.rs:142:61
[INFO] [stdout]     |
[INFO] [stdout] 142 |         .or_else(|| getenv(format!("{}_{}", kind, var_base).as_slice()))
[INFO] [stdout]     |                                                             ^^^^^^^^ method not found in `String`
[INFO] [stdout] 
[INFO] [stdout] 
[INFO] [stdout] error[E0599]: no method named `find_str` found for reference `&str` in the current scope
[INFO] [stdout]    --> /opt/rustwide/cargo-home/registry/src/github.com-1ecc6299db9ec823/gcc-0.1.7/src/lib.rs:152:29
[INFO] [stdout]     |
[INFO] [stdout] 152 |     let is_android = target.find_str("android").is_some();
[INFO] [stdout]     |                             ^^^^^^^^ method not found in `&str`
[INFO] [stdout] 
[INFO] [stdout] 
[INFO] [stdout] error[E0599]: no method named `find_str` found for reference `&str` in the current scope
[INFO] [stdout]    --> /opt/rustwide/cargo-home/registry/src/github.com-1ecc6299db9ec823/gcc-0.1.7/src/lib.rs:164:29
[INFO] [stdout]     |
[INFO] [stdout] 164 |     let is_android = target.find_str("android").is_some();
[INFO] [stdout]     |                             ^^^^^^^^ method not found in `&str`
[INFO] [stdout] 
[INFO] [stdout] 
[INFO] [stdout] error[E0599]: no method named `as_slice` found for struct `String` in the current scope
[INFO] [stdout]    --> /opt/rustwide/cargo-home/registry/src/github.com-1ecc6299db9ec823/gcc-0.1.7/src/lib.rs:175:9
[INFO] [stdout]     |
[INFO] [stdout] 175 |        .as_slice().words().map(|s| s.to_string())
[INFO] [stdout]     |         ^^^^^^^^ method not found in `String`
[INFO] [stdout] 
[INFO] [stdout] 
[INFO] [stdout] error: aborting due to 27 previous errors
[INFO] [stdout] 
[INFO] [stdout] 
[INFO] [stdout] Some errors have detailed explanations: E0282, E0412, E0425, E0432, E0433, E0599.
[INFO] [stdout] 
[INFO] [stdout] For more information about an error, try `rustc --explain E0282`.
[INFO] [stdout] 
[INFO] [stderr] error: build failed
[INFO] running `Command { std: "docker" "inspect" "759dd68bebf4a674086b61672cb1ca96055b3c064ddea231015331425774a38c", kill_on_drop: false }`
[INFO] running `Command { std: "docker" "rm" "-f" "759dd68bebf4a674086b61672cb1ca96055b3c064ddea231015331425774a38c", kill_on_drop: false }`
[INFO] [stdout] 759dd68bebf4a674086b61672cb1ca96055b3c064ddea231015331425774a38c
